t common divisor of 1420 and v.
355
Suppose 0 = -a - 3, -5*s + 2*a + 18 = -13. Suppose -4*r + 4*m = -72, -2*r + s*m = 37 - 85. Let z = r + 40. What is the greatest common divisor of 6 and z?
6
Suppose 69*w - 9239 - 10107 = 940. What is the greatest common factor of w and 4263?
147
Let j = -3157 + 3172. What is the highest common divisor of 114 and j?
3
Suppose -4*f + 213 = -3*s, 5*f = -194*s + 198*s + 268. Calculate the greatest common factor of 156 and f.
12
Let t(a) = a**2 + 1. Let l be t(4). Suppose o + 5*r + l = 0, -2*o - 33 - 6 = 5*r. Let k = o - -76. What is the greatest common divisor of k and 108?
54
Suppose -149 = 383*f - 33470. Suppose -5*x = -0*l - 4*l - 26, -4*l + 10 = x. Calculate the greatest common factor of x and f.
3
Let i(x) = x**2 - 9*x - 35. Let j be i(14). Suppose -13*s = -24*s + 1155. What is the highest common factor of j and s?
35
Let a be (-5)/(-1) + 10 + (-14 - -1). Suppose -142 = -5*v - p + 403, -a*p = -4*v + 436. Calculate the highest common divisor of 981 and v.
109
Suppose 6 = 2*z + 4*w, -3*w + 2*w + 19 = 4*z. Suppose -o = z + 4. Let b be 1 + 213*(-3)/o. Calculate the greatest common divisor of b and 9.
9
Let g = 5925 + -4965. Calculate the greatest common divisor of 12 and g.
12
Let v = 26847 + -26704. What is the highest common divisor of 4199 and v?
13
Suppose 0 = 5*s + 2*a - 3020, 2*s = -2*s + 5*a + 2416. Suppose -4*g = -4*o - 2396, -6*o - s = -g - 10*o. Calculate the greatest common divisor of g and 12.
12
Let d be -273*((-6)/(-21) - 54/42). Calculate the greatest common divisor of 42 and d.
21
Suppose -4*z - 2*r = -36, 0 = z - 3*r + 5 - 28. Suppose -o - 1260 = -z*o. What is the greatest common factor of o and 72?
18
Let o(u) = -185*u + 2901. Let w be o(15). What is the greatest common divisor of 648 and w?
18
Let b(f) be the third derivative of 127*f**4/24 - 15*f**3/2 - 24*f**2. Let y be b(2). What is the greatest common factor of 11 and y?
11
Let f = 18631 + -17904. Calculate the highest common factor of 3 and f.
1
Let q(f) = 6*f**3 - 8 + 6*f**2 - 7*f**3 + 9*f - 4*f. Let y be q(6). What is the highest common divisor of 110 and y?
22
Let l be (-5414)/3 - 175/(-105). Let t = l + 2627. Calculate the highest common divisor of t and 8.
8
Suppose -3265*h - 3432 = -3276*h. What is the greatest common divisor of 3510 and h?
78
Let l = -98 - -102. Let h be -1 + 2/(l/(-6))*-1. Suppose -i - h = -5*m, -3*m = -i + 3*i - 22. What is the highest common factor of i and 6?
2
Let l = 4110 - 3966. Calculate the greatest common divisor of 5904 and l.
144
Let o = -146 - -615. Calculate the greatest common factor of o and 1809.
67
Suppose -23 = -7*z - 2. Suppose -160 = -8*a + z*a. Calculate the highest common divisor of 96 and a.
32
Let l = 5778 + 4181. What is the greatest common divisor of 46 and l?
23
Let q(m) = m**3 + m**2 - 3*m - 4. Let p be q(-3). Let w = 32 - p. Suppose 170 = 9*g + 125. Calculate the highest common divisor of g and w.
5
Suppose 0 = -22*x + 48 + 18. Let p be 7/(x + (-4 - 1 - -3)). Suppose n - 3*f = 12, 5*n + 2*f + 36 = 7*n. What is the greatest common factor of p and n?
7
Let j = -2696 + 2744. What is the greatest common divisor of j and 736?
16
Suppose -3*d + 10 = -5*d. Suppose 0*u + 2 = -3*o - 5*u, -4*u - 12 = 5*o. Let b = o - d. What is the greatest common factor of 3 and b?
1
Suppose 0 = -5*v, 3220 = 2*x + 307*v - 308*v. Calculate the greatest common factor of x and 7.
7
Suppose 846 + 261 + 52 = 19*i. Calculate the greatest common factor of 32269 and i.
61
Suppose 0 = -6*i + 25 + 23. Let s = -851 - -951. What is the greatest common divisor of s and i?
4
Let a(q) = 103*q**2 - 12*q - 4. Let n be a(-1). What is the greatest common factor of 2183 and n?
37
Suppose 5*i = 222 - 47. Let b = -7 + -40. Let s = 54 + b. Calculate the highest common factor of i and s.
7
Suppose 2*h = n + 3*h - 7, -32 = -5*n - 6*h. Suppose 50 = 14*w - 9*w. Let p = 10 + w. Calculate the greatest common factor of p and n.
10
Suppose -5*z + 270 = 6*d - d, 0 = -3*z - 9. Suppose d*c = 50*c + 56. Calculate the greatest common factor of c and 2.
2
Let x(j) = j**2 + 6*j + 6. Let m be x(-6). Let s(h) = 6*h**2 + 27*h - 54. Let d be s(2). Calculate the greatest common factor of m and d.
6
Let t be (-3*6/(-18))/(1/278). Let q = t + -77. Calculate the highest common factor of q and 134.
67
Suppose 5*y - 7*y = -28. Suppose 81 = 2*u - 43. Let n be 1395/u - (-6)/(-4). What is the greatest common factor of y and n?
7
Let r = -79 - -95. Suppose r*o + 212 = 772. What is the greatest common divisor of o and 245?
35
Suppose 0 = -7*y + 3 + 32. Suppose -r + 3*o + 9 = 5*o, y*r + 5*o - 45 = 0. Calculate the highest common factor of r and 24.
3
Let k = 13040 - 11240. Calculate the highest common divisor of 125 and k.
25
Suppose -3*n + n + g + 136 = 0, 0 = 3*n + 2*g - 204. Let j = 16 + n. Calculate the highest common factor of j and 378.
42
Suppose 11*g - 71 = -16. Let q be 77*(-4 - (-23 - 2)/g). What is the highest common divisor of 14 and q?
7
Suppose 8*z - 705 = 735. Let m = 1255 + -1225. What is the greatest common divisor of m and z?
30
Suppose 0 = 3*u - 12, -2*d - 48 = 4*u - 202. Suppose 30 = 4*h + 6*h. What is the greatest common factor of h and d?
3
Suppose -34809 = 477*i - 518*i. Calculate the highest common factor of i and 9.
3
Let v be (-445)/(-178)*(6 + -2). Suppose 4*o + 0*o = -2*b + 600, b = 2*o + 320. What is the highest common factor of b and v?
10
Let c be -2 - (3/((-54)/194) + (-60)/270). Calculate the greatest common divisor of 44 and c.
1
Suppose -f - 2 = -r, -3*f = -10*r + 13*r + 6. Suppose r = -17*m + 204 + 136. What is the highest common factor of 80 and m?
20
Let h be ((104/(-39))/(-8))/(2/(-162)). Let k = 403 - h. Calculate the greatest common factor of 86 and k.
86
Let k = -6453 + 6633. What is the highest common factor of 516 and k?
12
Let n = 367 - 223. Suppose f - s - 106 = 0, 5*f + 53*s - 56*s - 534 = 0. Calculate the greatest common divisor of f and n.
36
Let u be 867/9 + (-4)/12. Let b be 1/(9/693)*1 + -5. Calculate the greatest common divisor of b and u.
24
Let t(m) = -148*m**2 - 457*m - 7. Let h be t(-3). Let r = -207 - -319. Calculate the highest common divisor of h and r.
16
Suppose -4*r = 3 - 43. Let z be (r/(-4))/(4/(-40)). Let i = -21 + z. What is the greatest common divisor of i and 14?
2
Suppose 3*z - 4*u - 50 = 0, u = 4*z - 114 + 30. Let w(q) = -2*q**3 - 202*q**2 - 207*q - 117. Let l be w(-100). Calculate the greatest common divisor of l and z.
11
Suppose 3*h - 19 + 6 = -4*q, 4*q = 3*h - 5. Let i = -256 - -259. Suppose i*w - h = p, 4*p + 5*w - 61 = p. Calculate the greatest common divisor of 12 and p.
12
Suppose 0 = z - 2*s, -4*s + 23 = 4*z - 1. Suppose -2*r = -z - 4, 0 = -3*n - 2*r + 98. Let b be 48/15 - 6/n. Calculate the greatest common factor of 18 and b.
3
Suppose 3*v = 2*y - 106, 2*y - 6*y - 5*v + 212 = 0. Let z(u) = 8*u**2 - 67. Let x be z(11). What is the greatest common factor of x and y?
53
Let k(j) = 269*j**2 + 44*j + 66. Let w be k(-3). Calculate the highest common divisor of w and 15.
15
Suppose -106*t = -167*t + 6954. Calculate the highest common factor of 1558 and t.
38
Let b be (-196)/(-12) - 4/(-6). Suppose 4*k + 2*g = -2, 3*k + 20*g + 9 = b*g. What is the highest common factor of k and 2?
2
Suppose -94 = 11*k + 104. Let w be (-420)/(-16) - k/24. Calculate the greatest common factor of 351 and w.
27
Suppose 0 = -93*a - 86707 + 510043. Calculate the highest common divisor of a and 24.
8
Suppose -6*n - 1041 = -93. Suppose 16 = 4*z + d, -z - 3*d + 0 = -4. Let h be 4/8 - n/z. Calculate the highest common factor of 5 and h.
5
Let f = -1623 - -1693. What is the greatest common divisor of f and 119?
7
Let z be 6/9 - 80/(-6). Suppose -27 = -3*r - 3*h, -2*r + 17 = 5*h - 4*h. Let g be 4/(r/5)*(-4)/(-5). What is the highest common factor of z and g?
2
Let g = -45 - -129. Suppose b - 37 = 2*h - 35, -2*b - h + 29 = 0. Calculate the greatest common divisor of b and g.
12
Let c(p) be the third derivative of p**6/120 - p**5/20 - 5*p**4/12 - p**2 + 102*p. Let g be c(6). Calculate the greatest common divisor of g and 2.
2
Let v(n) = n**3 - 15*n**2 - 16*n + 84. Let g be v(16). Calculate the highest common divisor of g and 1554.
42
Suppose 0 = 27*u - 31*u - 3*x + 750, u = -3*x + 174. What is the greatest common div